s of a(15)?
3, 41, 139
Let j = -1585 - -2314. Suppose j = 3*a + 5*r, -3*a + 4*r + 539 = -217. What are the prime factors of a?
2, 31
Suppose -5*s - 528 = -z, -3*s - 5*z - 405 = s. Let y = 117 + s. List the prime factors of (-78)/8*4/y*-72.
2, 3, 13
Let o(c) = -c**3 + 15*c**2 + 234*c + 36. What are the prime factors of o(-28)?
2, 13, 523
Let b be (8/(-10))/(8/280). Let j = b - -28. Suppose j = -3*m + 233 + 22. What are the prime factors of m?
5, 17
Suppose -3512 = -2*a + 5*o, 0*a - 3*o = -4*a + 6996. Suppose -10*f - a = -16*f. List the prime factors of f.
3, 97
Let k = -219 + 4897. What are the prime factors of k?
2, 2339
Suppose -1681 = 37*c + 14998 - 214185. List the prime factors of c.
2, 17, 157
Suppose 0 = 3*f - 4*u, -4*f + 9*f = u. List the prime factors of 1/((-7)/(-3661) - f).
523
Let l(f) = 2*f - 16. Let h be l(0). Let c be (-4)/h - 388/16. List the prime factors of (-15*c/(-54))/((-1)/6).
2, 5
Suppose 41*o + 4600 = 33*o. Let c = o + 1291. What are the prime factors of c?
2, 179
What are the prime factors of (9/(171/533140))/(2/3)?
2, 3, 5, 23, 61
Let r(c) = c**2 - 2*c. Let u(b) = 27*b**2 - 19*b + 4. Let x(l) = -5*r(l) + u(l). What are the prime factors of x(-3)?
229
Let k(z) = z**2 + 8*z + 4. Let d be k(-8). Suppose d*a - 437 = -5*y + 543, 4*y + 1225 = 5*a. List the prime factors of a.
5, 7
What are the prime factors of (12/7)/((-1569228)/(-120708) - 13)?
2, 3, 479
Let p be (-1144)/(-36) + (-2)/(-9). Suppose p*j - 33*j - 2 = 0. Let w(g) = -3*g**3 + 4*g**2 + g - 4. What are the prime factors of w(j)?
2, 17
List the prime factors of (17 + (-54549)/(-22))*(6 - 2).
2, 4993
Suppose -12 = -3*r + 3*p, -r = 5*p - 17 + 43. Let h be r - -1 - (-8 - -3). Suppose -2*z + h*z = -3*k + 204, -345 = -5*z - 4*k. What are the prime factors of z?
73
List the prime factors of (16/72*225/6)/((-3)/(-3258)).
2, 5, 181
Let l(g) be the first derivative of g**5/60 - g**4/6 + g**3 + 3*g**2/2 - 12. Let u(x) be the second derivative of l(x). What are the prime factors of u(6)?
2, 3
Let v(u) = -981*u + 2217. List the prime factors of v(-6).
3, 37, 73
Let o = 6 + -12. Let a(l) = -2*l - 6. Let d be a(o). What are the prime factors of (22/d)/((-2)/(-12))?
2, 11
Let c = -22 - -230. Suppose -s + p = -c, -4*s - 2*p + 440 = -386. What are the prime factors of s?
3, 23
Let i(w) = 5*w**2 + 48*w - 33. Let k be i(-11). Suppose -k*a = -45*a + 224. What are the prime factors of a?
2, 7
Let g(q) = q**3 + 16*q**2 - 34*q + 30. Suppose 158*b = 139*b - 304. List the prime factors of g(b).
2, 7, 41
Suppose 1421 = 6*r + 251. Suppose -i = 2*k - r - 55, -3*k = i - 376. Let s = k - 100. What are the prime factors of s?
2, 13
Suppose 27*p - 34 = 74. Suppose 2*q + p*l - 75 = 1061, -3*q + 1674 = -4*l. What are the prime factors of q?
2, 281
Let w be (-74)/(-14) - (-10)/(-35). Suppose 4*h - 4*j = 3176, -2*j = -w*h - 6*j + 3970. List the prime factors of h.
2, 397
Let f = 25 - 27. Let r be ((-4)/2)/f*127. Let v = -64 + r. What are the prime factors of v?
3, 7
Suppose 6804 = 18*c - 12*c. Let z = c - 637. List the prime factors of z.
7, 71
Let o(l) = 35*l**2 + 8*l - 118. List the prime factors of o(-16).
2, 4357
Let p(o) = -1. Let d(q) = q**3 + 11*q**2 - 11*q + 14. Let n be d(-12). Let t(h) = 39*h - 19. Let x(s) = n*p(s) + t(s). What are the prime factors of x(4)?
3, 5
Suppose -3*v + 58 = 28. Suppose -j + v = 4*i - 186, -4*i + 196 = -2*j. Suppose i = 7*h - 427. List the prime factors of h.
2, 17
Suppose -251279 - 526901 = -32*k - 53892. List the prime factors of k.
2, 11317
Let v(q) = q**3 + 16*q**2 + 7*q + 37. Let s be v(-16). What are the prime factors of (s/(-10))/((-2)/(-88))?
2, 3, 5, 11
List the prime factors of (6 - (-9 - -3552))*4/(-3).
2, 3, 131
Let a be 146 + 6 + -2 - -1. Let u = a - -47. Suppose -l - 2*l = -u. What are the prime factors of l?
2, 3, 11
Suppose -2*z + 5*z = -144. Let m = z + 52. Suppose 0 = -u + m*u - 312. What are the prime factors of u?
2, 13
Let j(c) = -3*c + 144. Let m(r) = 2*r + 1. Let a(z) = -j(z) + 6*m(z). List the prime factors of a(29).
3, 11
Suppose 780*f = 788*f - 111208. List the prime factors of f.
13901
Let m(s) = -2*s**2. Let a be m(-2). Let h be (-1)/(6/(-16)*a/(-18)). Suppose 4*k - u - 314 = 0, h*k - 397 = k - u. List the prime factors of k.
79
Suppose 57*p - 53*p - 248 = 0. Suppose z + p = 5*c - 0*c, -4*c + 124 = -2*z. Let k = z - -198. List the prime factors of k.
2, 17
Suppose -6*q - 78260 = -20*q. Suppose 10*z = -3*z + q. What are the prime factors of z?
2, 5, 43
Suppose 0 = c - 4, x = c - 2*c + 2686. Suppose 4*p - a = x, 2*p = 3*p + 3*a - 664. List the prime factors of p.
2, 5, 67
Let d = -7345 - -13768. List the prime factors of d.
3, 2141
Let k(y) = y + 1. Let z be k(-5). Let x = -26 - z. What are the prime factors of (x/5)/(5/(-75))?
2, 3, 11
Suppose -3*z + 15 = 0, 3*l - 5*z = -10*z + 19. List the prime factors of (2/l + 290)*1.
17
Suppose -4*p = -27*b + 30*b - 197, -132 = -3*p + 3*b. Let s(a) = a**3 + 5*a**2 - 4*a - 4. Let l be s(-4). Let h = l + p. List the prime factors of h.
3, 5
What are the prime factors of ((-73272)/4)/(-6) + (-1 - 1)?
3, 113
Let g = -166 + 230. Let m(d) = d**2 - d - 1. Let b be m(3). Suppose -b*y = g - 444. What are the prime factors of y?
2, 19
Suppose 3*r - 140754 - 124894 = -4*l, -12*l + 796888 = 2*r. List the prime factors of l.
2, 33203
List the prime factors of (8 - 3)/5*8035.
5, 1607
Let s be (-6)/(-39) + 4 + 17694/78. Let g = -116 + s. List the prime factors of g.
5, 23
List the prime factors of 13125*2 + (-765)/51.
3, 5, 11, 53
Suppose 4*k = -h + 25 + 12, 5*k - 3*h = 42. Let j(g) = 9*g**2 + 3*g + 5. List the prime factors of j(k).
761
Suppose 6*q + 5090 = 2*w, 5*w + 5083 = 7*w + q. What are the prime factors of w?
2, 31, 41
Suppose -2*j + 0*j - 84 = -2*x, -210 = 5*j + 5*x. Suppose 2*p - 648 = -4*h + 256, -h + 4*p = -217. Let v = j + h. What are the prime factors of v?
3, 61
Let m(i) = i**3 + i**2 - 10*i + 29. Let z be m(6). Suppose 3*s - z = 115. List the prime factors of s.
2, 7
Suppose 15*y - 4662 = -4282 + 14695. What are the prime factors of y?
3, 5, 67
Let x = 12150 + -2919. List the prime factors of x.
3, 17, 181
Suppose 0 = 2*g + 5*u - 76526, 2*u + 48 = 36. What are the prime factors of g?
2, 19139
Let f(t) = -t**2 + 4*t + 1. Let y be f(3). Let w(b) be the first derivative of 20*b**2 + 24*b + 94. What are the prime factors of w(y)?
2, 23
Let b = 62 - 80. List the prime factors of (-4)/b + (-33464)/(-72).
3, 5, 31
Suppose 0 = -3*u + u - 12. List the prime factors of 158/u*(-72)/24.
79
Let y = 22298 - 1793. What are the prime factors of y?
3, 5, 1367
List the prime factors of (-8)/44 + 11 + (-609135)/(-55).
2, 23, 241
Suppose -2*j = -44*h + 43*h + 6918, j = -h + 6933. List the prime factors of h.
2, 433
Let w be (-13)/11 - (-16)/88. Let z be (w*(-4)/6)/(26/2145). Suppose -z*l + 58*l - 459 = 0. List the prime factors of l.
3, 17
Let w = -17 - -7. Let r be 4/w - ((-204)/20)/3. Suppose 5*l + 0*l - 598 = -2*d, -370 = -r*l - 4*d. List the prime factors of l.
2, 59
Let k be 74/(-4)*(1 + -19). Let t = k + -209. What are the prime factors of t?
2, 31
Let u = -30 - -38. Let v be -8 + u - 2/(-2). Suppose 0 = -a + v, -a = 2*z + 2*a - 127. What are the prime factors of z?
2, 31
Suppose 214*v + 166290 = 233*v - 117627. List the prime factors of v.
3, 17, 293
Suppose -4*r + r - d = 626, -3*r - 4*d - 641 = 0. Let v = r + 271. What are the prime factors of v?
2
Let b(m) = -1787*m**3 + 21*m**2 + 45*m + 9. What are the prime factors of b(-3)?
2, 3, 11, 61
Let x = 24042 - 16487. Suppose -2611 = 16*w - x. List the prime factors of w.
3, 103
Suppose 0 = 31*r - 27*r - 732. Let d = -178 + r. List the prime factors of d.
5
Let k(c) = -44*c**2 + 16*c - 15. Let g be k(7). List the prime factors of 1136/(-142) + (-1 - g).
2, 5, 41
Let k = 486 + -453. Suppose 10*g - k*g = -11500. List the prime factors of g.
2, 5
Let c(b) = -b**3 - 2*b**2 - 2*b - 5. Let y be c(3). List the prime factors of (-254)/(-7) - (-16)/y.
2, 3
Let l(d) be the second derivative of -d**3/6 + 15*d**2/2 + d. Suppose 0 = 36*p - 45*p - 54. List the prime factors of l(p).
3, 7
Suppose -4*h + 170785 = -5*z, 47*h = 43*h + 2*z + 170806. What are the prime factors of h?
3, 5, 13, 73
Let v = 21696 - 15239. Suppose 11*u + 2101 = v. List the prime factors of u.
2, 3, 11